22012
In base 12, what is -3 - 1434a7?
-1434aa
In base 13, what is -a39219 - c?
-a39228
In base 16, what is 17 + -32188?
-32171
In base 3, what is 202211202000001 + 12?
202211202000020
In base 6, what is -24055 - 12233?
-40332
In base 6, what is -15230 + -2055044?
-2114314
In base 9, what is 45 - 20877474?
-20877428
In base 7, what is 612122 + -146?
611643
In base 5, what is -201021 - 22203?
-223224
In base 4, what is 110132 - -201020132?
201130330
In base 16, what is -71d12 + 4?
-71d0e
In base 14, what is -4c9 + -417d?
-4668
In base 10, what is 3715904 + 21?
3715925
In base 8, what is -1703263 + -3?
-1703266
In base 13, what is 263471 + 9?
26347a
In base 4, what is 13120003232 + 12?
13120003310
In base 9, what is 4402351 + 16?
4402367
In base 3, what is 1 + 111210001112000110?
111210001112000111
In base 2, what is -1001000001100 - -100001111110?
-100110001110
In base 9, what is -2754 + 11174?
7320
In base 9, what is -12017 - 2855?
-14873
In base 10, what is -48138378 + -2?
-48138380
In base 8, what is -33752100 - -6?
-33752072
In base 2, what is 11 - 110001000100011111010?
-110001000100011110111
In base 14, what is 0 + -ac0b8ac?
-ac0b8ac
In base 11, what is 301979 - -3a?
301a08
In base 6, what is -1500554 - 540?
-1501534
In base 13, what is -8205cc9 + 26?
-8205ca3
In base 8, what is 5 - 26264755?
-26264750
In base 16, what is -3 - -68bb61?
68bb5e
In base 16, what is -3bfc9 + 26?
-3bfa3
In base 15, what is 262 + -6974d?
-694db
In base 6, what is 0 - -3205400525?
3205400525
In base 2, what is 111 + 11110111000001?
11110111001000
In base 14, what is 11 + -34032?
-34021
In base 15, what is -c0 - 10262?
-10332
In base 10, what is 75 + -4844?
-4769
In base 6, what is -11 + 100014352?
100014341
In base 2, what is -101 - -10101010110010110100110?
10101010110010110100001
In base 4, what is -2013201 - -31003012?
22323211
In base 6, what is 2 + 12334121212?
12334121214
In base 14, what is 4079 - -3cb1?
7d4a
In base 10, what is -6312 + 800?
-5512
In base 4, what is 100221310012 - -223?
100221310301
In base 10, what is -1779255 - -8?
-1779247
In base 4, what is -20103333013300 + 10?
-20103333013230
In base 14, what is 1 - -55215d9?
55215da
In base 6, what is -5355132 - 213?
-5355345
In base 10, what is -1044 + 650?
-394
In base 9, what is 2 - 642080?
-642077
In base 14, what is -2c - -193bb?
1938d
In base 6, what is 4113222 + 251?
4113513
In base 6, what is 4010113 + -450?
4005223
In base 8, what is -57177255 + -4?
-57177261
In base 15, what is -1cb + -22b4de?
-22b6ba
In base 13, what is -6 + b5393?
b538a
In base 7, what is -15123 + -2106045?
-2124201
In base 15, what is 38e3 - 60e?
32d4
In base 7, what is -15 - 25666152?
-25666200
In base 4, what is 121102220112 - -11?
121102220123
In base 2, what is 1100 - -11000000111010000011011?
11000000111010000100111
In base 10, what is -21730763 + -7?
-21730770
In base 7, what is -513516 - -64?
-513422
In base 7, what is -2143262 - -423?
-2142536
In base 13, what is -1a + -7094b?
-70968
In base 12, what is 1716752 + -10?
1716742
In base 16, what is 71bd0d - 17?
71bcf6
In base 15, what is 183 + 2424a?
243cd
In base 15, what is -62d + -8e8b?
-95b9
In base 13, what is 1055 - -3c7?
144c
In base 12, what is -50 + 88b42?
88ab2
In base 7, what is 24541142 - -6?
24541151
In base 10, what is -8486 + -2178?
-10664
In base 10, what is -1 + 802620?
802619
In base 11, what is -3 + 47866693?
47866690
In base 12, what is -86b - 22145?
-229b4
In base 3, what is -21 + 1012101211222?
1012101211201
In base 13, what is -8 - 691882?
-69188a
In base 16, what is 690710 - -2?
690712
In base 12, what is -79450 - -635?
-78a17
In base 9, what is -47562 + -143?
-47715
In base 11, what is 117 - 213178?
-213061
In base 2, what is -100100111101010 - 111010101?
-100101110111111
In base 5, what is 2 - 11040433124?
-11040433122
In base 13, what is 1 + 2a9c2a?
2a9c2b
In base 11, what is 108339 - aa?
10823a
In base 10, what is -179063 + 39?
-179024
In base 12, what is -6645412 + -4?
-6645416
In base 8, what is 5 - 1536701050?
-1536701043
In base 7, what is 26 - 31160114?
-31160055
In base 13, what is 899b63 - -1c?
899b82
In base 2, what is -10011010000100001110110011 - 1111?
-10011010000100001111000010
In base 14, what is -ab77b0 - 0?
-ab77b0
In base 3, what is 210 + -210020210002?
-210020202022
In base 7, what is -4162 + 122354?
115162
In base 6, what is -5442331025 + -2?
-5442331031
In base 12, what is 379 + -256bb2?
-256835
In base 9, what is 403628 - 83?
403535
In base 4, what is -2110233123211 - 3?
-2110233123220
In base 9, what is 8548168 + 7?
8548176
In base 16, what is -6 - -668ce?
668c8
In base 6, what is -14424043 + 301?
-14423342
In base 6, what is 0 - -51343010133?
51343010133
In base 2, what is -1010010100110100000101 - -10000?
-1010010100110011110101
In base 9, what is -252881 + -8?
-253000
In base 7, what is -3615524406 - 5?
-3615524414
In base 9, what is 2 - 4085036?
-4085034
In base 6, what is 2124200453 - -5?
2124200502
In base 12, what is 7 - b2318b?
-b23184
In base 6, what is -1431 + 323140?
321305
In base 15, what is 685b0 - -253?
68813
In base 12, what is -1490 + 113662?
112192
In base 16, what is -2263 - 19c3f?
-1bea2
In base 12, what is 109092 - -829?
1098bb
In base 8, what is 1555146 + -1074?
1554052
In base 6, what is 2252314450 + -1?
2252314445
In base 15, what is 2 - -15aeea?
15aeec
In base 7, what is 103443165 + 4?
103443202
In base 10, what is 670991 + 1191?
672182
In base 6, what is -3 + -353151021?
-353151024
In base 15, what is -7e + -3ee10b?
-3ee18a
In base 4, what is -11 + 31322311213?
31322311202
In base 13, what is -280 + -646?
-8c6
In base 6, what is 1 - 5350243413?
-5350243412
In base 8, what is -175000300 - -4?
-175000274
In base 6, what is 2 - 2131314203?
-2131314201
In base 14, what is -64d66d - -4?
-64d669
In base 2, what is 111110101 + 101000101101000000?
101000110100110101
In base 8, what is -655675551 + 4?
-655675545
In base 9, what is -4433 + -15764?
-21307
In base 2, what is 110001011000010100110 + -1010?
110001011000010011100
In base 8, what is -25473 + -2402?
-30075
In base 13, what is 30 + 16021?
16051
In base 6, what is -1 - -34434545?
34434544
In base 6, what is -54131 + -4013?
-102144
In base 11, what is 130a649 + -3?
130a646
In base 6, what is -4 - 1104004132?
-1104004140
In base 14, what is 8179 - 87?
80d2
In base 11, what is -3546532a8 - 4?
-354653301
In base 13, what is 5 - 71cc393?
-71cc38b
In base 4, what is -20 + 12213000003211?
12213000003131
In base 6, what is -454102 + -122?
-454224
In base 14, what is -5a25a - -24b?
-5a00d
In base 10, what is 17 + -2220205?
-2220188
In base 4, what is -320302130 - 1001?
-320303131
In base 16, what is 0 - 575e560?
-575e560
In base 9, what is 150602443 + 2?
150602445
In base 8, what is -366 + -256231?
-256617
In base 10, what is 19 - 39575877?
-39575858
In base 12, what is -142004 + a?
-141bb6
In base 10, what is -3 - -470606?
470603
In base 13, what is 5919a + -23?
59177
In base 11, what is 57 - -66491?
66538
In base 15, what is 1 - 57c7d3?
-57c7d2
In base 10, what is -31063558 - -4?
-31063554
In base 2, what is -10 + -111010000000100111110101?
-111010000000100111110111
In base 8, what is 13622205 + 5?
13622212
In base 11, what is 13664 - a?
13655
In base 16, what is -12cf + 933?
-99c
In base 7, what is 5 - -252134515?
252134523
In base 2, what is 100 - -100110011011111101110001010?
100110011011111101110001110
In base 8, what is 53 - -124772?
125045
In base 6, what is -1 + -52101103?
-52101104
In base 11, what is 25a06 + 662?
26568
In base 11, what is 27aa376 - -1?
27aa377
In base 7, what is 4 + -143514421?
-143514414
In base 16, what is -3aaee + 8?
-3aae6
In base 3, what is -1 - 100001101021001?
-100001101021002
In base 12, what is 38b05 + 1811?
3a716
In base 16, what is 3 + a3a26?
a3a29
In base 13, what is 38031 + -118?
37c16
In base 4, what is -10113 + 113322?
103203
In base 15, what is 38c58c4 + 1?
38c58c5
In base 8, what is 11 + 44030755?
44030766
In base 5, what is -12 - -310004104?
310004042
In base 9, what is 67112818 + -3?
67112815
In base 3, what is 21201 - 200220101?
-200121200
In base 4, what is 20030 - -23301102?
23321132
In base 16, what is -69 + d3001?
d2f98
In base 8, what is -1 - -206130443?
206130442
In base 2, what is 11101001010